at are the prime factors of o?
3, 13
Let n(t) = -5*t + 15*t**2 - 11*t**2 - 3*t**2 - 5 - 2*t**2 - 2*t**3. List the prime factors of n(-3).
5, 11
Let g be ((-4816)/14)/(-2 + 1). Suppose -40*h - g = -44*h. What are the prime factors of h?
2, 43
Suppose -2*m - 2*k = -8702, 2*m - 626 = -3*k + 8073. What are the prime factors of m?
2, 7, 311
Let h(k) = k**2 - 12*k + 30. Let x be h(9). Suppose 4*f - 20 = -2*s, x*s + 5*f - 55 = -s. List the prime factors of s.
2, 5
Let r = 19 - 13. Let y(n) = 7*n**2 - 5*n - 1 + 14*n**3 - 12*n**3 - 3*n**3. List the prime factors of y(r).
5
Suppose 0 = -4*o + o - 5*p + 388, 3*o - 2*p = 395. List the prime factors of o.
131
Suppose -8*w = 2*f - 4*w - 388, 0 = 3*f + w - 602. List the prime factors of f.
2, 101
Suppose 3*v + 15132 = 29*v. List the prime factors of v.
2, 3, 97
Let h be ((6 - 6)*(-1)/(-2))/2. Suppose h = -22*i + 21*i + 24. What are the prime factors of i?
2, 3
Let m be -3*(-3)/18*-2. Let z(s) = -36*s - 2. What are the prime factors of z(m)?
2, 17
Let q(r) = -r**2 - 4*r - 3. Let j be q(-1). Suppose j = 18*v - 23*v + 350. What are the prime factors of v?
2, 5, 7
List the prime factors of (7/(-147) - 6/21)*-2469.
823
Let r(k) = -37*k**2 + 3*k + 2. Let u be r(-1). Let y = u - -114. What are the prime factors of y?
2, 19
Let l(s) = -s**3 - 5*s**2 - 5*s + 6. Let f = -35 + 30. What are the prime factors of l(f)?
31
Suppose -3*n - 4*l - 8 = 0, 29 = 3*n - 2*n - 5*l. Suppose n*w + 24 = -3*h, 3*h = -0*h - w - 15. Let c(t) = -t**2 - 7*t - 10. List the prime factors of c(h).
2
Suppose 127040 = 65*o - 17195. List the prime factors of o.
7, 317
Let k be (-2)/(-6) + 112/24. Suppose -155 = -10*x + k*x. What are the prime factors of x?
31
Suppose -5*g + 2*g = -6. Suppose -g*l - 12 = -4*l. Suppose -l = 4*i - 6*i. List the prime factors of i.
3
Let l be (-9)/(9/4) - -212. List the prime factors of (-32)/l + (-784)/(-26).
2, 3, 5
Let r(w) = -w + 5. Suppose -4*v - v + 36 = 2*z, -v + 10 = -z. Let s = v + -13. What are the prime factors of r(s)?
2, 5
List the prime factors of -285*(10 - (-232)/(-12)).
2, 5, 7, 19
Suppose 2*v + 5 - 59 = 0. Let j be -5*4/60*-90. Let z = j - v. What are the prime factors of z?
3
Suppose 8*t + 401 = 33. Let s = t + 99. What are the prime factors of s?
53
Suppose -4*q - 44 = 4*v - 9*v, 3*q - v = -22. Let t = q + 11. Suppose -90 = -t*z + 2*z. What are the prime factors of z?
2, 3, 5
Let g = 12 + -2. Suppose 5*t + 10 = -3*p, -p + 5*t + g = -2*p. Suppose 5*x + 3*o - 137 - 13 = p, -2*x + 3*o = -39. What are the prime factors of x?
3
Let z(y) = y**3 + 4*y**2 - y + 4. Let r be z(-3). What are the prime factors of (-97 + r/4)*(0 + -1)?
3, 31
Let p(n) = -280*n + 263. What are the prime factors of p(-3)?
1103
Let x be (-54)/(-9) - (4 + 0). Suppose x*p - 2 = 10. What are the prime factors of p?
2, 3
Suppose 0*r = -3*s - 4*r + 3779, -5*r - 1266 = -s. What are the prime factors of s?
13, 97
Suppose 16*h + 90 = 13*h. Suppose -q - 51 = -0*q. Let g = h - q. List the prime factors of g.
3, 7
List the prime factors of ((-90)/4)/9 - 4161/(-6).
691
Let u = 2477 - -707. What are the prime factors of u?
2, 199
Let l = -43 - -45. Suppose 0 = -l*a + 10*a - 64. What are the prime factors of a?
2
Let x be (-20)/(-15)*(-9)/6. Let o be (x - 0) + 6/3. Suppose -2*w + 80 = 5*c, -3*c + 4*w = -o*c - 48. List the prime factors of c.
2
Suppose 3*g = 3*k + 21, -k + 1 + 27 = 4*g. Let l = 31 - g. List the prime factors of 0 + 16 - l/(-6).
2, 5
Let r(c) = 2*c - 10. Let o be r(5). Suppose 80 = 4*f - 3*b, 5*f + 5*b + 0*b - 135 = o. List the prime factors of f.
23
Let x be (6/(-4))/((-1 + 0)/2). Suppose -186 = -x*w + 3*d - 4*d, 248 = 4*w - d. List the prime factors of w.
2, 31
Suppose 5*q + 2 + 18 = 0. Let z be 2/(-8) + 75/q. Let j = -5 - z. List the prime factors of j.
2, 7
Suppose -b + 6 = -0*k + k, k + 1 = 0. Let f(r) = 17*r + 23. List the prime factors of f(b).
2, 71
Suppose 3*u - 6*i + 4161 = -9*i, -4*u - 5552 = 3*i. List the prime factors of 28/98 + u/(-7).
199
Let x = 2 + 4. Suppose 274 = x*w + 70. What are the prime factors of w?
2, 17
Suppose 376*l - 366*l = -120. Let b(f) be the first derivative of f**4/4 + 11*f**3/3 - 7*f**2 + 8*f - 1. What are the prime factors of b(l)?
2
Let k(b) = 431*b + 1. Let l be k(2). Let x be l/7 - 6/21. Let a = x - 87. List the prime factors of a.
2, 3
Suppose 5*s - 2*t = 13564, 5*s + 6*t - 10*t = 13558. List the prime factors of s.
2, 23, 59
Let a(k) = -k**3 + 4*k**2 - 3*k - 2. Let g be a(3). Let w be 2/g*(-93)/3. Let o = w - 20. What are the prime factors of o?
11
Suppose 3968 = 14*w - 7190. List the prime factors of w.
797
Let f(i) = 20*i + 4. Let b = -19 - -21. Let a be f(b). Suppose d - 3*d = -a. What are the prime factors of d?
2, 11
Let g(o) = 6*o - 41. Let l be g(6). List the prime factors of 124*(1/(-5))/(2/l).
2, 31
Let o(d) = -d**3 + d**2 - 13. Let j be o(0). Let b(a) = -2*a**2 - 30*a - 13. What are the prime factors of b(j)?
3, 13
Let d(q) = q**2 + 16*q + 12. Suppose 3 - 24 = y - 4*j, 5*y = -4*j - 81. What are the prime factors of d(y)?
29
Suppose u = 2*x - 9 - 9, -2*u = -2*x + 26. Let a = -34 - u. List the prime factors of (-1044)/a - (-2)/(-13).
2, 5
Let u(h) = -h**2 - 6*h - 7. Let d be u(13). Let y = d - -363. List the prime factors of y.
109
Let x = 11422 - 6115. List the prime factors of x.
3, 29, 61
Let l(a) = 2*a**3 - 11*a**2 - 5*a + 28. List the prime factors of l(9).
2, 5, 11
Let g = 8 - 6. Let k(i) = -i**2 - 7*i + 2. Let m be k(-7). Suppose 0 = -5*y - 2*s + 48 + 38, 0 = -g*y + m*s + 26. List the prime factors of y.
2
Suppose 4*d = 2*m - 14, 0*m - m = -3. List the prime factors of 1/d*-6*3.
3
Let j(k) = k + 15. Let y be 1*(-2 - (-6 - -4)). Let h be j(y). What are the prime factors of 141/12 + h/(-20)?
11
Let m(l) = 7*l**2 - 2*l - 2. Let u be 2/(((-10)/(-7))/5). Let q(w) = 15*w**2 - 5*w - 5. Let y(k) = u*m(k) - 3*q(k). List the prime factors of y(-4).
61
Suppose -3561 = -12*m + 1347. What are the prime factors of m?
409
Suppose 0*v = -2*v + 130. Suppose 8*z = 201 - v. List the prime factors of z.
17
Suppose -5*f = 4*p - 33, 4*p - 24 - 4 = -4*f. Let r(g) = 3*g + 7*g**2 - 2*g - f*g**3 - 5*g**2. List the prime factors of r(-1).
2, 3
Let d(g) = 2*g**2 - 20*g + 33. Let q(h) = -h**2 - 14*h + 31. Let c be q(-15). List the prime factors of d(c).
3, 5
Suppose 0 = 2*n - s - 276, 2*n + 5*s + 156 = 456. Suppose -2*q = -4*m + 76 + n, -4*m + 192 = 4*q. List the prime factors of m.
2, 13
Suppose -3*n = -2*l + n - 32, -4 = 3*l + 5*n. List the prime factors of 3/(-2) - (276/l + 0).
3, 11
List the prime factors of -3 - (-2 + -185 + -7).
191
Let h = 13 + -41. Let j = 11 - h. Suppose -3*s + j + 51 = 0. List the prime factors of s.
2, 3, 5
Let t(d) = 10*d**2 + 33*d - 206. What are the prime factors of t(10)?
2, 281
Suppose 6*d = -3509 + 13409. List the prime factors of d.
2, 3, 5, 11
Suppose -10*t + 244 = -1166. List the prime factors of t.
3, 47
Let w(f) = 3*f**2 - 2. Suppose 0 = 3*z - 4*q - 23, -z - 2*q - 9 = -2*z. Let x(d) = 7*d**2 - d - 4. Let y(v) = z*w(v) - 2*x(v). List the prime factors of y(-4).
2, 3
Let f(l) = 148*l**2 + 2*l - 3. What are the prime factors of f(2)?
593
Let b = 33 - 33. Suppose -3*o - 2*g + g + 285 = b, 4*g - 95 = -o. What are the prime factors of o?
5, 19
Suppose 5*j - 18 = 12. Suppose j*n = n + 40. Suppose -n*c - 88 = -12*c. List the prime factors of c.
2, 11
Suppose 2*a + 8 = 2*n, 0 = -3*n + 5*a + 1 + 15. Suppose -3*t + n = -1. Let m(l) = 5*l**3 - l**2 - l + 1. What are the prime factors of m(t)?
2
Suppose 0 = 3*p + 6, p + 38 + 6 = -z. Let s = 69 + z. Let w = 59 - s. List the prime factors of w.
2
Let x(o) = o**3 - 2*o**2 - 2*o - 3. Let a be x(5). Suppose 200 = 16*r - 11*r. Let y = a - r. What are the prime factors of y?
2, 11
Let y = 8 + -4. Suppose 22 = -6*b + 8*b. Suppose -n + b = y. List the prime factors of n.
7
Let i(f) = 7*f**2 - 6*f - 3. What are the prime factors of i(9)?
2, 3, 5, 17
Let m(f) = -33*f - 5. Let o = 38 - 40. What are the prime factors of m(o)?
61
Let v(z) = 39*z + 75. What are the prime factors of v(4)?
3, 7, 11
Suppose -3*i = -0*i - 36. Let l(m) = -5*m + 55. Let y be l(6). Let z = y + i. What are the prime factors of z?
37
Suppose -p - 5 = 4*p. Let h(v) = 63*v**2 - v. Let d be h(p). Suppose 3*f = f + d. What are the prime factors of f?
2
Let k(x) = 3*